{"id":22,"date":"2022-02-16T10:55:16","date_gmt":"2022-02-16T10:55:16","guid":{"rendered":"https:\/\/gt-medical.com\/tienda\/GTM\/CMS\/?page_id=22"},"modified":"2025-03-18T07:00:40","modified_gmt":"2025-03-18T07:00:40","slug":"politica-de-cookies-es","status":"publish","type":"page","link":"https:\/\/gt-medical.com\/tienda\/GTM\/CMS\/politica-de-cookies-es\/","title":{"rendered":"<strong>Pol\u00edtica de Cookies<\/strong>"},"content":{"rendered":"\n<div style=\"height:71px\" aria-hidden=\"true\" class=\"wp-block-spacer\"><\/div>\n\n\n\n<p class=\"has-small-font-size\">Conforme a lo dispuesto en el art\u00edculo 22.2 de la Ley 34\/2002, de 11 de julio, de Servicios de la Sociedad de la Informaci\u00f3n y de Comercio Electr\u00f3nico (LSSI-CE) vigente, GT-MEDICAL SL debe cumplir con la obligaci\u00f3n de informar sobre las cookies que utiliza y sus finalidades.<br>Este sitio web utiliza cookies y\/o tecnolog\u00edas similares que almacenan y recuperan informaci\u00f3n cuando navegas. Las cookies permiten a una p\u00e1gina web, entre otras cosas, almacenar y recuperar informaci\u00f3n sobre los h\u00e1bitos de navegaci\u00f3n de un Usuario o de su equipo y, dependiendo de la informaci\u00f3n que contenga y de la forma en que utilice su equipo, pueden utilizarse para reconocer al Usuario.<br>Las cookies son esenciales para el funcionamiento de internet, aportando innumerables ventajas en la prestaci\u00f3n de servicios interactivos, facilit\u00e1ndole al Usuario la navegaci\u00f3n y usabilidad de nuestra web.<br><br>La informaci\u00f3n que le proporcionamos a continuaci\u00f3n, le ayudar\u00e1 a comprender los diferentes tipos de cookies:<\/p>\n\n\n\n<div style=\"height:70px\" aria-hidden=\"true\" class=\"wp-block-spacer\"><\/div>\n\n\n\n<h3 class=\"wp-block-heading has-medium-font-size\" id=\"tipos-de-cookies\">TIPOS DE COOKIES<\/h3>\n\n\n\n<h5 class=\"wp-block-heading has-small-font-size\" id=\"segun-la-entidad-que-las-gestione\">SEG\u00daN LA ENTIDAD QUE LAS GESTIONE<\/h5>\n\n\n\n<h5 class=\"wp-block-heading has-small-font-size\" id=\"cookies-propias\">Cookies propias<\/h5>\n\n\n\n<p class=\"has-small-font-size\">Son aquellas cookies que son enviadas al ordenador o dispositivo del Usuario y gestionadas exclusivamente por&nbsp;Gt-Medical&nbsp;para el mejor funcionamiento del Sitio Web. La informaci\u00f3n que se recaba se emplea para mejorar la calidad del Sitio Web y su Contenido y su experiencia como Usuario. Estas cookies permiten reconocer al Usuario como visitante recurrente del Sitio Web y adaptar el contenido para ofrecerle contenidos que se ajusten a sus preferencias.<\/p>\n\n\n\n<h5 class=\"wp-block-heading has-small-font-size\" id=\"cookies-de-terceros\">Cookies de terceros<\/h5>\n\n\n\n<p class=\"has-small-font-size\">Son cookies utilizadas y gestionadas por entidades externas que proporcionan a&nbsp;Gt-Medical&nbsp;servicios solicitados por este mismo para mejorar el Sitio Web y la experiencia del usuario al navegar en el Sitio Web. Los principales objetivos para los que se utilizan cookies de terceros son la obtenci\u00f3n de estad\u00edsticas de accesos y analizar la informaci\u00f3n de la navegaci\u00f3n, es decir, c\u00f3mo interact\u00faa el Usuario con el Sitio Web.<\/p>\n\n\n\n<p class=\"has-small-font-size\">La informaci\u00f3n que se obtiene se refiere, por ejemplo, al n\u00famero de p\u00e1ginas visitadas, el idioma, el lugar a la que la direcci\u00f3n IP desde el que accede el Usuario, el n\u00famero de Usuarios que acceden, la frecuencia y reincidencia de las visitas, el tiempo de visita, el navegador que usan, el operador o tipo de dipositivo desde el que se realiza la visita. Esta informaci\u00f3n se utiliza para mejorar el Sitio Web, y detectar nuevas necesidades para ofrecer a los Usuarios un Contenido y\/o servicio de \u00f3ptima calidad. En todo caso, la informaci\u00f3n se recopila de forma an\u00f3nima y se elaboran informes de tendencias del Sitio Web sin identificar a usuarios individuales.<\/p>\n\n\n\n<p class=\"has-small-font-size\">Puede obtener m\u00e1s informaci\u00f3n sobre las cookies, la informaci\u00f3n sobre la privacidad, o consultar la descripci\u00f3n del tipo de cookies que se utiliza, sus principales caracter\u00edsticas, periodo de expiraci\u00f3n, etc. en el siguiente(s) enlace(s):<\/p>\n\n\n\n<p class=\"has-small-font-size\"><strong><a href=\"https:\/\/policies.google.com\/technologies\/cookies?hl=es\" target=\"_blank\" rel=\"noreferrer noopener\">Google Analytics&nbsp;<\/a><\/strong><\/p>\n\n\n\n<p class=\"has-small-font-size\">Almacena cookies para poder elaborar estad\u00edsticas sobre el tr\u00e1fico y volumen de visitas de esta web. Al utilizar este sitio web est\u00e1 consintiendo el tratamiento de informaci\u00f3n acerca de usted por Google. Por tanto, el ejercicio de cualquier derecho en este sentido deber\u00e1 hacerlo comunicando directamente con Google.<\/p>\n\n\n\n<p class=\"has-small-font-size\">Las cookies de Google Analytics, se almacenan en servidores ubicados en Estados Unidos y se compromete a no compartirla con terceros, excepto en los casos en los que sea necesario para el funcionamiento del sistema o cuando la ley obligue a tal efecto. Seg\u00fan Google no guarda su direcci\u00f3n IP.<\/p>\n\n\n\n<p class=\"has-small-font-size\">Google Inc. es una compa\u00f1\u00eda adherida a \u201cPrivacy Shield\u201d (escudo de privacidad) que garantiza que todos los datos transferidos ser\u00e1n tratados con un nivel de protecci\u00f3n acorde a la normativa europea. Puede consultar informaci\u00f3n detallada a este respecto a trav\u00e9s del siguiente enlace: <a href=\"https:\/\/support.google.com\/analytics\/answer\/6004245\" target=\"_blank\" rel=\"noreferrer noopener\">https:\/\/support.google.com\/analytics\/answer\/6004245<\/a>.<\/p>\n\n\n\n<p class=\"has-small-font-size\">Si lo desea puede utilizar el Complemento de inhabilitaci\u00f3n para navegadores de Google Analytics a trav\u00e9s de cuyas instrucciones pueden rechazarse las cookies anal\u00edticas de dicho servicio en todos los navegadores. Puede consultar m\u00e1s informaci\u00f3n al respecto en el siguiente enlace: <a href=\"https:\/\/tools.google.com\/dlpage\/gaoptout\" target=\"_blank\" rel=\"noreferrer noopener\">https:\/\/tools.google.com\/dlpage\/gaoptout<\/a>.<\/p>\n\n\n\n<p class=\"has-small-font-size\">La(s) entidad(es) encargada(s) del suministro de cookies podr\u00e1(n) ceder esta informaci\u00f3n a terceros, siempre y cuando lo exija la ley o sea un tercero el que procese esta informaci\u00f3n para dichas entidades.<\/p>\n\n\n\n<h5 class=\"wp-block-heading has-small-font-size\" id=\"cookies-de-redes-sociales\">Cookies de redes sociales<\/h5>\n\n\n\n<p class=\"has-small-font-size\">Gt-Medical<strong>&nbsp;<\/strong>incorpora plugins de redes sociales, que permiten acceder a las mismas a partir del Sitio Web. Por esta raz\u00f3n, las cookies de redes sociales pueden almacenarse en el navegador del Usuario. Los titulares de dichas redes sociales disponen de sus propias pol\u00edticas de protecci\u00f3n de datos y de cookies, siendo ellos mismos, en cada caso, responsables de sus propios ficheros y de sus propias pr\u00e1cticas de privacidad. El Usuario debe referirse a las mismas para informarse acerca de dichas cookies y, en su caso, del tratamiento de sus datos personales. \u00danicamente a t\u00edtulo informativo se indican a continuaci\u00f3n los enlaces en los que se pueden consultar dichas pol\u00edticas de privacidad y\/o de cookies:<\/p>\n\n\n\n<p class=\"has-small-font-size\"><a href=\"https:\/\/www.facebook.com\/policies\/cookies\/\" target=\"_blank\" rel=\"noreferrer noopener\">Facebook;<\/a><br><a href=\"https:\/\/twitter.com\/es\/privacy\" target=\"_blank\" rel=\"noreferrer noopener\">Twitter<\/a>;<br><a href=\"https:\/\/help.instagram.com\/1896641480634370?ref=ig\" target=\"_blank\" rel=\"noreferrer noopener\">Instagram<\/a>;<br><a href=\"https:\/\/policies.google.com\/privacy?hl=es-419&amp;gl=mx\" target=\"_blank\" rel=\"noreferrer noopener\">YouTube<\/a>;<br><a href=\"https:\/\/policy.pinterest.com\/es\/privacy-policy\" target=\"_blank\" rel=\"noreferrer noopener\">Pinterest<\/a>;<br><a href=\"https:\/\/www.linkedin.com\/legal\/cookie-policy?trk=hp-cookies\" target=\"_blank\" rel=\"noreferrer noopener\">LinkedIn<\/a>;<\/p>\n\n\n\n<div style=\"height:52px\" aria-hidden=\"true\" class=\"wp-block-spacer\"><\/div>\n\n\n\n<h3 class=\"wp-block-heading has-medium-font-size\" id=\"segun-el-plazo-de-tiempo-que-permanezcan-activadas\">SEG\u00daN EL PLAZO DE TIEMPO QUE PERMANEZCAN ACTIVADAS<\/h3>\n\n\n\n<h5 class=\"wp-block-heading has-small-font-size\" id=\"cookies-de-sesion\">Cookies de sesi\u00f3n<\/h5>\n\n\n\n<p class=\"has-small-font-size\">Son aquellas dise\u00f1adas para recabar y almacenar datos mientras el usuario accede a una p\u00e1gina web. Se suelen emplear para almacenar informaci\u00f3n que solo interesa conservar para la prestaci\u00f3n del servicio solicitado por el usuario en una sola ocasi\u00f3n (por ejemplo, una lista de productos adquiridos) y desaparecen al terminar la sesi\u00f3n<\/p>\n\n\n\n<h5 class=\"wp-block-heading has-small-font-size\" id=\"cookies-persistentes\">Cookies persistentes<\/h5>\n\n\n\n<p class=\"has-small-font-size\">Son aquellas en las que los datos siguen almacenados en el terminal y pueden ser accedidos y tratados durante un periodo definido por el responsable de la cookie, y que puede ir de unos minutos a varios a\u00f1os.<\/p>\n\n\n\n<div style=\"height:60px\" aria-hidden=\"true\" class=\"wp-block-spacer\"><\/div>\n\n\n\n<h3 class=\"wp-block-heading has-medium-font-size\" id=\"segun-su-finalidad\">SEG\u00daN SU FINALIDAD<\/h3>\n\n\n\n<h5 class=\"wp-block-heading has-small-font-size\" id=\"cookies-de-analisis\">Cookies de an\u00e1lisis<\/h5>\n\n\n\n<p class=\"has-small-font-size\">Son aquellas que permiten al responsable de las mismas el seguimiento y an\u00e1lisis del comportamiento de los usuarios de los sitios web a los que est\u00e1n vinculadas, incluida la&nbsp;cuantificaci\u00f3n de los impactos de los anuncios. La informaci\u00f3n recogida mediante este tipo de cookies se utiliza en la medici\u00f3n de la actividad de los sitios web, aplicaci\u00f3n o plataforma, con el fin de introducir mejoras en funci\u00f3n del an\u00e1lisis de los datos de uso que hacen los usuarios del servicio.<\/p>\n\n\n\n<h5 class=\"wp-block-heading has-small-font-size\" id=\"cookies-tecnicas\">Cookies t\u00e9cnicas<\/h5>\n\n\n\n<p class=\"has-small-font-size\">Son aquellas que permiten al usuario la navegaci\u00f3n a trav\u00e9s de una p\u00e1gina web, plataforma o aplicaci\u00f3n y la utilizaci\u00f3n de las diferentes opciones o servicios que en ella existan.<\/p>\n\n\n\n<h5 class=\"wp-block-heading has-small-font-size\" id=\"cookies-de-personalizacion\">Cookies de personalizaci\u00f3n<\/h5>\n\n\n\n<p class=\"has-normal-font-size\">Permiten aplicar caracter\u00edsticas propias para la navegaci\u00f3n del usuario por el website (Ej.: idioma).<\/p>\n\n\n\n<h5 class=\"wp-block-heading has-small-font-size\" id=\"cookies-de-publicidad-comportamental\">Cookies de publicidad comportamental<\/h5>\n\n\n\n<p class=\"has-small-font-size\">Son aquellas que almacenan informaci\u00f3n del comportamiento de los usuarios obtenida a trav\u00e9s de la observaci\u00f3n continuada de sus h\u00e1bitos de navegaci\u00f3n, lo que permite desarrollar un perfil espec\u00edfico para mostrar publicidad en funci\u00f3n del mismo.<\/p>\n\n\n\n<p class=\"has-small-font-size\">Adicionalmente, GT-MEDICAL SL informa de manera m\u00e1s detallada de las cookies que utiliza sus titulares, el uso o finalidad concreta, los plazos de conservaci\u00f3n as\u00ed como de las Transferencias Internacionales de datos de cada una de ellas utilizadas en nuestra p\u00e1gina web:<\/p>\n\n\n\n<figure class=\"wp-block-image size-full\"><img loading=\"lazy\" decoding=\"async\" width=\"300\" height=\"152\" src=\"https:\/\/gt-medical.com\/tienda\/GTM\/CMS\/wp-content\/uploads\/2022\/02\/tipos_cookies_gt-300x152-1.png\" alt=\"\" class=\"wp-image-23\"\/><\/figure>\n\n\n\n<h4 class=\"wp-block-heading has-normal-font-size\" id=\"deshabilitar-rechazar-y-eliminar-cookies\">Deshabilitar, rechazar y eliminar cookies<\/h4>\n\n\n\n<p class=\"has-small-font-size\">Asimismo, GT-MEDICAL SL informa al usuario de que tiene la posibilidad de configurar su navegador de modo que se le informe de la recepci\u00f3n de cookies, pudiendo, si as\u00ed lo desea, impedir que sean instaladas en su disco duro.<\/p>\n\n\n\n<p class=\"has-small-font-size\">El Usuario puede deshabilitar, rechazar y eliminar las cookies \u2014total o parcialmente\u2014 instaladas en su dispositivo mediante la configuraci\u00f3n de su navegador (entre los que se encuentran, por ejemplo, Chrome, Firefox, Safari, Explorer). En este sentido, los procedimientos para rechazar y eliminar las cookies pueden diferir de un navegador de Internet a otro. En consecuencia, el Usuario debe acudir a las instrucciones facilitadas por el propio navegador de Internet que est\u00e9 utilizando. En el supuesto de que rechace el uso de cookies \u2014total o parcialmente\u2014 podr\u00e1 seguir usando el Sitio Web, si bien podr\u00e1 tener limitada la utilizaci\u00f3n de algunas de las prestaciones del mismo.<\/p>\n\n\n\n<p class=\"has-small-font-size\">A continuaci\u00f3n le proporcionamos los enlaces de diversos navegadores, a trav\u00e9s de los cuales podr\u00e1 realizar dicha configuraci\u00f3n:<br>Firefox desde <a href=\"http:\/\/support.mozilla.org\/es\/kb\/habilitar-y-deshabilitar-cookies-que-los-sitios-we\" target=\"_blank\" rel=\"noreferrer noopener\">aqu\u00ed<\/a>.<br>Chrome desde <a href=\"http:\/\/support.google.com\/chrome\/bin\/answer.py?hl=es&amp;answer=95647\" target=\"_blank\" rel=\"noreferrer noopener\">aqu\u00ed<\/a>.<br>Explorer desde <a href=\"http:\/\/windows.microsoft.com\/es-es\/internet-explorer\/delete-manage-cookies#ie=ie-10\" target=\"_blank\" rel=\"noreferrer noopener\">aqu\u00ed<\/a>.<br>Safari desde <a href=\"http:\/\/support.apple.com\/kb\/ph5042\" target=\"_blank\" rel=\"noreferrer noopener\">aqu\u00ed<\/a>.<br>Opera desde <a href=\"http:\/\/help.opera.com\/Windows\/11.50\/es-ES\/cookies.html\" target=\"_blank\" rel=\"noreferrer noopener\">aqu\u00ed<\/a>.<\/p>\n\n\n\n<p class=\"has-small-font-size\">De conformidad con lo que establece la Ley Org\u00e1nica 15\/1999, de 13 de diciembre, de Protecci\u00f3n de Datos de Car\u00e1cter Personal, le informamos que sus datos ser\u00e1n incorporados a un fichero bajo la responsabilidad de GT-MEDICAL SL con la finalidad de poder atender los compromisos derivados de la relaci\u00f3n que mantenemos con usted.<br>Puede ejercer sus derechos de acceso, rectificaci\u00f3n, cancelaci\u00f3n y oposici\u00f3n mediante un escrito a nuestra direcci\u00f3n: CAMINO DE HORMIGUERAS, 122 BIS. 3\u00aa PLANTA. NAVES P1 Y P2. 28031 MADRID.<\/p>\n\n\n\n<p class=\"has-small-font-size\">Mientras no nos comunique lo contrario, entenderemos que sus datos no han sido modificados, que usted se compromete a notificarnos cualquier variaci\u00f3n y que contamos con su consentimiento para el tratamiento de los mismos.<\/p>\n\n\n\n<p class=\"has-small-font-size\">Asimismo y de acuerdo con lo establecido en la Ley 34\/2002, de 11 de julio, de Servicios de la Sociedad de la Informaci\u00f3n y de Comercio Electr\u00f3nico, en su art\u00edculo 21, solicitamos tambi\u00e9n su consentimiento expreso para enviarle publicidad de nuestros productos o promociones que consideremos puedan ser de su inter\u00e9s, por correo electr\u00f3nico o por cualquier otro medio de comunicaci\u00f3n electr\u00f3nica equivalente.<\/p>\n\n\n\n<p class=\"has-small-font-size\">Le informamos que podr\u00e1 revocar en cualquier momento el consentimiento prestado a la recepci\u00f3n de comunicaciones comerciales enviando un e-mail a la direcci\u00f3n de correo electr\u00f3nico: <a href=\"mailto:clientes@gt-medical.com\">info@gt-medical.com<\/a>. GT-MEDICAL SL podr\u00e1 facilitar al usuario a trav\u00e9s de un medio gratuito y accesible, el siguiente formulario de desistimiento con el contenido m\u00ednimo indicado. El usuario deber\u00e1 cumplimentarlo y remitirlo a la entidad de manera que pueda conservar el acuse de recibo.<\/p>\n\n\n\n<p><\/p>\n","protected":false},"excerpt":{"rendered":"<p>Conforme a lo dispuesto en el art\u00edculo 22.2 de la Ley 34\/2002, de 11 de julio, de Servicios de la Sociedad de la Informaci\u00f3n y de Comercio Electr\u00f3nico (LSSI-CE) vigente, GT-MEDICAL SL debe cumplir con la obligaci\u00f3n de informar sobre las cookies que utiliza y sus finalidades.Este sitio web utiliza cookies y\/o tecnolog\u00edas similares que &#8230; <a class=\"more-link\" href=\"https:\/\/gt-medical.com\/tienda\/GTM\/CMS\/politica-de-cookies-es\/\">Continue reading<\/a><\/p>\n","protected":false},"author":1,"featured_media":0,"parent":0,"menu_order":0,"comment_status":"closed","ping_status":"closed","template":"template-blank-page.php","meta":{"footnotes":""},"class_list":["post-22","page","type-page","status-publish","hentry"],"yoast_head":"<!-- This site is optimized with the Yoast SEO plugin v18.1 - https:\/\/yoast.com\/wordpress\/plugins\/seo\/ -->\n<title>Pol\u00edtica de Cookies - Corporativo<\/title>\n<meta name=\"robots\" content=\"noindex, follow, max-snippet:-1, max-image-preview:large, max-video-preview:-1\" \/>\n<meta property=\"og:locale\" content=\"es_ES\" \/>\n<meta property=\"og:type\" content=\"article\" \/>\n<meta property=\"og:title\" content=\"Pol\u00edtica de Cookies - Corporativo\" \/>\n<meta property=\"og:description\" content=\"Conforme a lo dispuesto en el art\u00edculo 22.2 de la Ley 34\/2002, de 11 de julio, de Servicios de la Sociedad de la Informaci\u00f3n y de Comercio Electr\u00f3nico (LSSI-CE) vigente, GT-MEDICAL SL debe cumplir con la obligaci\u00f3n de informar sobre las cookies que utiliza y sus finalidades.Este sitio web utiliza cookies y\/o tecnolog\u00edas similares que [&hellip;]\" \/>\n<meta property=\"og:url\" content=\"https:\/\/gt-medical.com\/tienda\/GTM\/CMS\/politica-de-cookies-es\/\" \/>\n<meta property=\"og:site_name\" content=\"Corporativo\" \/>\n<meta property=\"article:modified_time\" content=\"2025-03-18T07:00:40+00:00\" \/>\n<meta property=\"og:image\" content=\"https:\/\/gt-medical.com\/tienda\/GTM\/CMS\/wp-content\/uploads\/2022\/02\/tipos_cookies_gt-300x152-1.png\" \/>\n<meta name=\"twitter:card\" content=\"summary_large_image\" \/>\n<meta name=\"twitter:label1\" content=\"Tiempo de lectura\" \/>\n\t<meta name=\"twitter:data1\" content=\"8 minutos\" \/>\n<script type=\"application\/ld+json\" class=\"yoast-schema-graph\">{\"@context\":\"https:\/\/schema.org\",\"@graph\":[{\"@type\":\"WebSite\",\"@id\":\"https:\/\/gt-medical.com\/tienda\/GTM\/CMS\/#website\",\"url\":\"https:\/\/gt-medical.com\/tienda\/GTM\/CMS\/\",\"name\":\"Corporativo\",\"description\":\"Implant &amp; Cad-Cam. Aditamentos Compatibles de alta calidad.\",\"potentialAction\":[{\"@type\":\"SearchAction\",\"target\":{\"@type\":\"EntryPoint\",\"urlTemplate\":\"https:\/\/gt-medical.com\/tienda\/GTM\/CMS\/?s={search_term_string}\"},\"query-input\":\"required name=search_term_string\"}],\"inLanguage\":\"es\"},{\"@type\":\"ImageObject\",\"@id\":\"https:\/\/gt-medical.com\/tienda\/GTM\/CMS\/politica-de-cookies-es\/#primaryimage\",\"inLanguage\":\"es\",\"url\":\"https:\/\/gt-medical.com\/tienda\/GTM\/CMS\/wp-content\/uploads\/2022\/02\/tipos_cookies_gt-300x152-1.png\",\"contentUrl\":\"https:\/\/gt-medical.com\/tienda\/GTM\/CMS\/wp-content\/uploads\/2022\/02\/tipos_cookies_gt-300x152-1.png\",\"width\":300,\"height\":152},{\"@type\":\"WebPage\",\"@id\":\"https:\/\/gt-medical.com\/tienda\/GTM\/CMS\/politica-de-cookies-es\/#webpage\",\"url\":\"https:\/\/gt-medical.com\/tienda\/GTM\/CMS\/politica-de-cookies-es\/\",\"name\":\"Pol\u00edtica de Cookies - Corporativo\",\"isPartOf\":{\"@id\":\"https:\/\/gt-medical.com\/tienda\/GTM\/CMS\/#website\"},\"primaryImageOfPage\":{\"@id\":\"https:\/\/gt-medical.com\/tienda\/GTM\/CMS\/politica-de-cookies-es\/#primaryimage\"},\"datePublished\":\"2022-02-16T10:55:16+00:00\",\"dateModified\":\"2025-03-18T07:00:40+00:00\",\"breadcrumb\":{\"@id\":\"https:\/\/gt-medical.com\/tienda\/GTM\/CMS\/politica-de-cookies-es\/#breadcrumb\"},\"inLanguage\":\"es\",\"potentialAction\":[{\"@type\":\"ReadAction\",\"target\":[\"https:\/\/gt-medical.com\/tienda\/GTM\/CMS\/politica-de-cookies-es\/\"]}]},{\"@type\":\"BreadcrumbList\",\"@id\":\"https:\/\/gt-medical.com\/tienda\/GTM\/CMS\/politica-de-cookies-es\/#breadcrumb\",\"itemListElement\":[{\"@type\":\"ListItem\",\"position\":1,\"name\":\"Portada\",\"item\":\"https:\/\/gt-medical.com\/tienda\/GTM\/CMS\/\"},{\"@type\":\"ListItem\",\"position\":2,\"name\":\"Pol\u00edtica de Cookies\"}]}]}<\/script>\n<!-- \/ Yoast SEO plugin. -->","yoast_head_json":{"title":"Pol\u00edtica de Cookies - Corporativo","robots":{"index":"noindex","follow":"follow","max-snippet":"max-snippet:-1","max-image-preview":"max-image-preview:large","max-video-preview":"max-video-preview:-1"},"og_locale":"es_ES","og_type":"article","og_title":"Pol\u00edtica de Cookies - Corporativo","og_description":"Conforme a lo dispuesto en el art\u00edculo 22.2 de la Ley 34\/2002, de 11 de julio, de Servicios de la Sociedad de la Informaci\u00f3n y de Comercio Electr\u00f3nico (LSSI-CE) vigente, GT-MEDICAL SL debe cumplir con la obligaci\u00f3n de informar sobre las cookies que utiliza y sus finalidades.Este sitio web utiliza cookies y\/o tecnolog\u00edas similares que [&hellip;]","og_url":"https:\/\/gt-medical.com\/tienda\/GTM\/CMS\/politica-de-cookies-es\/","og_site_name":"Corporativo","article_modified_time":"2025-03-18T07:00:40+00:00","og_image":[{"url":"https:\/\/gt-medical.com\/tienda\/GTM\/CMS\/wp-content\/uploads\/2022\/02\/tipos_cookies_gt-300x152-1.png"}],"twitter_card":"summary_large_image","twitter_misc":{"Tiempo de lectura":"8 minutos"},"schema":{"@context":"https:\/\/schema.org","@graph":[{"@type":"WebSite","@id":"https:\/\/gt-medical.com\/tienda\/GTM\/CMS\/#website","url":"https:\/\/gt-medical.com\/tienda\/GTM\/CMS\/","name":"Corporativo","description":"Implant &amp; Cad-Cam. Aditamentos Compatibles de alta calidad.","potentialAction":[{"@type":"SearchAction","target":{"@type":"EntryPoint","urlTemplate":"https:\/\/gt-medical.com\/tienda\/GTM\/CMS\/?s={search_term_string}"},"query-input":"required name=search_term_string"}],"inLanguage":"es"},{"@type":"ImageObject","@id":"https:\/\/gt-medical.com\/tienda\/GTM\/CMS\/politica-de-cookies-es\/#primaryimage","inLanguage":"es","url":"https:\/\/gt-medical.com\/tienda\/GTM\/CMS\/wp-content\/uploads\/2022\/02\/tipos_cookies_gt-300x152-1.png","contentUrl":"https:\/\/gt-medical.com\/tienda\/GTM\/CMS\/wp-content\/uploads\/2022\/02\/tipos_cookies_gt-300x152-1.png","width":300,"height":152},{"@type":"WebPage","@id":"https:\/\/gt-medical.com\/tienda\/GTM\/CMS\/politica-de-cookies-es\/#webpage","url":"https:\/\/gt-medical.com\/tienda\/GTM\/CMS\/politica-de-cookies-es\/","name":"Pol\u00edtica de Cookies - Corporativo","isPartOf":{"@id":"https:\/\/gt-medical.com\/tienda\/GTM\/CMS\/#website"},"primaryImageOfPage":{"@id":"https:\/\/gt-medical.com\/tienda\/GTM\/CMS\/politica-de-cookies-es\/#primaryimage"},"datePublished":"2022-02-16T10:55:16+00:00","dateModified":"2025-03-18T07:00:40+00:00","breadcrumb":{"@id":"https:\/\/gt-medical.com\/tienda\/GTM\/CMS\/politica-de-cookies-es\/#breadcrumb"},"inLanguage":"es","potentialAction":[{"@type":"ReadAction","target":["https:\/\/gt-medical.com\/tienda\/GTM\/CMS\/politica-de-cookies-es\/"]}]},{"@type":"BreadcrumbList","@id":"https:\/\/gt-medical.com\/tienda\/GTM\/CMS\/politica-de-cookies-es\/#breadcrumb","itemListElement":[{"@type":"ListItem","position":1,"name":"Portada","item":"https:\/\/gt-medical.com\/tienda\/GTM\/CMS\/"},{"@type":"ListItem","position":2,"name":"Pol\u00edtica de Cookies"}]}]}},"_links":{"self":[{"href":"https:\/\/gt-medical.com\/tienda\/GTM\/CMS\/wp-json\/wp\/v2\/pages\/22","targetHints":{"allow":["GET"]}}],"collection":[{"href":"https:\/\/gt-medical.com\/tienda\/GTM\/CMS\/wp-json\/wp\/v2\/pages"}],"about":[{"href":"https:\/\/gt-medical.com\/tienda\/GTM\/CMS\/wp-json\/wp\/v2\/types\/page"}],"author":[{"embeddable":true,"href":"https:\/\/gt-medical.com\/tienda\/GTM\/CMS\/wp-json\/wp\/v2\/users\/1"}],"replies":[{"embeddable":true,"href":"https:\/\/gt-medical.com\/tienda\/GTM\/CMS\/wp-json\/wp\/v2\/comments?post=22"}],"version-history":[{"count":11,"href":"https:\/\/gt-medical.com\/tienda\/GTM\/CMS\/wp-json\/wp\/v2\/pages\/22\/revisions"}],"predecessor-version":[{"id":1141,"href":"https:\/\/gt-medical.com\/tienda\/GTM\/CMS\/wp-json\/wp\/v2\/pages\/22\/revisions\/1141"}],"wp:attachment":[{"href":"https:\/\/gt-medical.com\/tienda\/GTM\/CMS\/wp-json\/wp\/v2\/media?parent=22"}],"curies":[{"name":"wp","href":"https:\/\/api.w.org\/{rel}","templated":true}]}}